{"id":581,"date":"2017-07-20T14:20:19","date_gmt":"2017-07-20T17:20:19","guid":{"rendered":"http:\/\/www.leold2.com\/site\/?page_id=581"},"modified":"2020-08-26T20:06:11","modified_gmt":"2020-08-26T23:06:11","slug":"sedel","status":"publish","type":"page","link":"http:\/\/www.leold2.com\/site\/eventos\/sedel\/","title":{"rendered":"SEDEL"},"content":{"rendered":"<p>O SEDEL \u00e9 um dos 4 eventos oficiais do Distrito LEO LD-2. \u00c9 o primeiro evento do ano leo\u00edstico e ocorre, normalmente, no m\u00eas de setembro.<\/p>\n<p>Sua sigla significa \u201cSemin\u00e1rio de Desenvolvimento de Lideran\u00e7a\u201d, e tem como principal objetivo a prepara\u00e7\u00e3o e forma\u00e7\u00e3o de novos l\u00edderes dentro do movimento LEO.<\/p>\n<p>As atividades realizadas durante o evento s\u00e3o diversas, podendo variar de oficinas de cargos, assuntos leo\u00edsticos e leon\u00edsticos espec\u00edficos, palestras, cursos de orat\u00f3ria, assim como a realiza\u00e7\u00e3o de din\u00e2micas em grupo, que visam o esp\u00edrito de lideran\u00e7a, trabalho em grupo e fortalecimento dos la\u00e7os de companheirismo e amizade entre os companheiros LEO.<\/p>\n\n\n<div class=\"ngg-galleryoverview ngg-slideshow\"\n\t id=\"ngg-slideshow-0b029283cbaa3274d8d1ec9c0beb5926-5877436700\"\n     data-gallery-id=\"0b029283cbaa3274d8d1ec9c0beb5926\"\n     style=\"max-width: 600px; max-height: 400px;\">\n\n \t<div id=\"ngg-image-0\" class=\"ngg-gallery-slideshow-image\" style=\"height:400px\">\n\n        <a href=\"http:\/\/www.leold2.com\/site\/wp-content\/gallery\/sedel\/SEDEL.jpg\"\n           title=\"\"\n           data-src=\"http:\/\/www.leold2.com\/site\/wp-content\/gallery\/sedel\/SEDEL.jpg\"\n           data-thumbnail=\"http:\/\/www.leold2.com\/site\/wp-content\/gallery\/sedel\/thumbs\/thumbs_SEDEL.jpg\"\n           data-image-id=\"10\"\n           data-title=\"SEDEL\"\n           data-description=\"\"\n           class=\"ngg-fancybox\" rel=\"0b029283cbaa3274d8d1ec9c0beb5926\">\n\n            <img data-image-id='10'\n                 title=\"\"\n                 alt=\"SEDEL\"\n                 src=\"http:\/\/www.leold2.com\/site\/wp-content\/gallery\/sedel\/SEDEL.jpg\"\n                 style=\"max-height: 380px;\"\/>\n        <\/a>\n\n        <\/div> \n<div id=\"ngg-image-1\" class=\"ngg-gallery-slideshow-image\" style=\"height:400px\">\n\n        <a href=\"http:\/\/www.leold2.com\/site\/wp-content\/gallery\/sedel\/SEDEL-0.jpg\"\n           title=\"\"\n           data-src=\"http:\/\/www.leold2.com\/site\/wp-content\/gallery\/sedel\/SEDEL-0.jpg\"\n           data-thumbnail=\"http:\/\/www.leold2.com\/site\/wp-content\/gallery\/sedel\/thumbs\/thumbs_SEDEL-0.jpg\"\n           data-image-id=\"11\"\n           data-title=\"SEDEL-0\"\n           data-description=\"\"\n           class=\"ngg-fancybox\" rel=\"0b029283cbaa3274d8d1ec9c0beb5926\">\n\n            <img data-image-id='11'\n                 title=\"\"\n                 alt=\"SEDEL-0\"\n                 src=\"http:\/\/www.leold2.com\/site\/wp-content\/gallery\/sedel\/SEDEL-0.jpg\"\n                 style=\"max-height: 380px;\"\/>\n        <\/a>\n\n        <\/div> \n<div id=\"ngg-image-2\" class=\"ngg-gallery-slideshow-image\" style=\"height:400px\">\n\n        <a href=\"http:\/\/www.leold2.com\/site\/wp-content\/gallery\/sedel\/SEDEL-1.jpg\"\n           title=\"\"\n           data-src=\"http:\/\/www.leold2.com\/site\/wp-content\/gallery\/sedel\/SEDEL-1.jpg\"\n           data-thumbnail=\"http:\/\/www.leold2.com\/site\/wp-content\/gallery\/sedel\/thumbs\/thumbs_SEDEL-1.jpg\"\n           data-image-id=\"12\"\n           data-title=\"SEDEL-1\"\n           data-description=\"\"\n           class=\"ngg-fancybox\" rel=\"0b029283cbaa3274d8d1ec9c0beb5926\">\n\n            <img data-image-id='12'\n                 title=\"\"\n                 alt=\"SEDEL-1\"\n                 src=\"http:\/\/www.leold2.com\/site\/wp-content\/gallery\/sedel\/SEDEL-1.jpg\"\n                 style=\"max-height: 380px;\"\/>\n        <\/a>\n\n        <\/div> \n<\/div>\n\n\n\n\n<div style=\"text-align: center;\" >\n<div style=\"display: inline-block;\" >\n\n<div class=\"ngg-galleryoverview\" id=\"ngg-gallery-3bffaa7fc76dd27cfa89ae7e49fae689-581\">\n\n\n\t<!-- Thumbnails -->\n    \t\t\n\t<div id=\"ngg-image-10\" class=\"ngg-gallery-thumbnail-box\"  >\n\t\t<div class=\"ngg-gallery-thumbnail\" >\n\t\t\t<a href=\"http:\/\/www.leold2.com\/site\/wp-content\/gallery\/sedel\/SEDEL.jpg\"\n               title=\" \"\n               class=\"ngg-fancybox\" rel=\"3bffaa7fc76dd27cfa89ae7e49fae689\" data-image-id=\"10\" data-src=\"http:\/\/www.leold2.com\/site\/wp-content\/gallery\/sedel\/SEDEL.jpg\" data-thumbnail=\"http:\/\/www.leold2.com\/site\/wp-content\/gallery\/sedel\/thumbs\/thumbs_SEDEL.jpg\" data-title=\"SEDEL\" data-description=\" \" >\n\t\t\t\t\t\t\t\t<img title=\"SEDEL\" alt=\"SEDEL\" src=\"http:\/\/www.leold2.com\/site\/wp-content\/gallery\/sedel\/thumbs\/thumbs_SEDEL.jpg\" width='240' height='160' \/>\n\t\t\t\t\t\t\t<\/a>\n\t\t<\/div>\n\t<\/div>\n\n            \n \t\t\n\t<div id=\"ngg-image-11\" class=\"ngg-gallery-thumbnail-box\"  >\n\t\t<div class=\"ngg-gallery-thumbnail\" >\n\t\t\t<a href=\"http:\/\/www.leold2.com\/site\/wp-content\/gallery\/sedel\/SEDEL-0.jpg\"\n               title=\" \"\n               class=\"ngg-fancybox\" rel=\"3bffaa7fc76dd27cfa89ae7e49fae689\" data-image-id=\"11\" data-src=\"http:\/\/www.leold2.com\/site\/wp-content\/gallery\/sedel\/SEDEL-0.jpg\" data-thumbnail=\"http:\/\/www.leold2.com\/site\/wp-content\/gallery\/sedel\/thumbs\/thumbs_SEDEL-0.jpg\" data-title=\"SEDEL-0\" data-description=\" \" >\n\t\t\t\t\t\t\t\t<img title=\"SEDEL-0\" alt=\"SEDEL-0\" src=\"http:\/\/www.leold2.com\/site\/wp-content\/gallery\/sedel\/thumbs\/thumbs_SEDEL-0.jpg\" width='240' height='160' \/>\n\t\t\t\t\t\t\t<\/a>\n\t\t<\/div>\n\t<\/div>\n\n            \n \t\t\n\t<div id=\"ngg-image-12\" class=\"ngg-gallery-thumbnail-box\"  >\n\t\t<div class=\"ngg-gallery-thumbnail\" >\n\t\t\t<a href=\"http:\/\/www.leold2.com\/site\/wp-content\/gallery\/sedel\/SEDEL-1.jpg\"\n               title=\" \"\n               class=\"ngg-fancybox\" rel=\"3bffaa7fc76dd27cfa89ae7e49fae689\" data-image-id=\"12\" data-src=\"http:\/\/www.leold2.com\/site\/wp-content\/gallery\/sedel\/SEDEL-1.jpg\" data-thumbnail=\"http:\/\/www.leold2.com\/site\/wp-content\/gallery\/sedel\/thumbs\/thumbs_SEDEL-1.jpg\" data-title=\"SEDEL-1\" data-description=\" \" >\n\t\t\t\t\t\t\t\t<img title=\"SEDEL-1\" alt=\"SEDEL-1\" src=\"http:\/\/www.leold2.com\/site\/wp-content\/gallery\/sedel\/thumbs\/thumbs_SEDEL-1.jpg\" width='240' height='160' \/>\n\t\t\t\t\t\t\t<\/a>\n\t\t<\/div>\n\t<\/div>\n\n            \n \t \t\n\t<!-- Pagination -->\n \t<div class='ngg-clear'><\/div> \t\n<\/div>\n\n\n<\/div>\n<\/div>\n<div id=\"sgmbShare1-1\" class=\"sgmbShare jssocials-theme-classic sgmbWidget1-1\"><\/div><div class=\"dropdownWrapper dropdownWrapper1 dropdownWrapper-for-widget \" id=\"dropdownWrapper-for-widget\">\r\n\t\t\t\t\t\t<div class=\"dropdownLabel\" id=\"dropdownLabel-share-list\"><span class=\"sgmbButtonListLabel1\">Share List<\/span><\/div>\r\n\t\t\t\t\t\t<div class=\"dropdownPanel dropdownPanel1-1\">\r\n\t\t\t\t\t\t<\/div>\r\n\t\t\t\t\t<\/div><script>  SGMB_URL = \"http:\/\/www.leold2.com\/site\/wp-content\/plugins\/social-media-builder\/\"; jQuery(\".dropdownWrapper\").hide(); SGMB_GOOGLE_ACOUNT = \"\"; <\/script><script type=\"text\/javascript\">\r\n\t\tjQuery(document).ready(function($){var widget = new SGMBWidget();widget.show({\"id\":\"1\",\"title\":\"Principal\",\"options\":{\"currentUrl\":\"1\",\"url\":\"\",\"fontSize\":\"12\",\"theme\":\"classic\",\"buttonsPosition\":\"\",\"socialTheme\":\"\",\"icon\":\"default\",\"buttonsPanelEffect\":\"bounce\",\"buttonsEffect\":\"No Effect\",\"iconsEffect\":\"flip\",\"buttons\":\"{\\\"facebook\\\":{\\\"label\\\":\\\"Compartilhar\\\",\\\"icon\\\":\\\"default-facebook\\\"},\\\"twitter\\\":{\\\"label\\\":\\\"Tweet\\\",\\\"icon\\\":\\\"default-twitter\\\",\\\"via\\\":\\\"\\\",\\\"hashtags\\\":\\\"#leoclub\\\"},\\\"googleplus\\\":{\\\"label\\\":\\\"+1\\\",\\\"icon\\\":\\\"default-googleplus\\\"},\\\"linkedin\\\":{\\\"label\\\":\\\"Compartilhar\\\",\\\"icon\\\":\\\"default-linkedin\\\"},\\\"email\\\":{\\\"label\\\":\\\"e-mail\\\",\\\"icon\\\":\\\"default-email\\\"}}\",\"roundButton\":\"\",\"showLabels\":\"\",\"showCounts\":\"\",\"showButtonsAsList\":\"\",\"setButtonsPosition\":\"\",\"sgmbDropdownColor\":\"\",\"sgmbDropdownLabelFontSize\":\"14\",\"sgmbDropdownLabelColor\":\"\",\"showButtonsOnEveryPost\":\"\",\"sgmbPostionOnEveryPost\":\"Left\",\"textOnEveryPost\":\"ola\",\"showButtonsOnMobileDirect\":\"on\"},\"buttonOptions\":{\"facebook\":{\"label\":\"Compartilhar\",\"icon\":\"default-facebook\"},\"twitter\":{\"label\":\"Tweet\",\"icon\":\"default-twitter\",\"via\":\"\",\"hashtags\":\"#leoclub\"},\"googleplus\":{\"label\":\"+1\",\"icon\":\"default-googleplus\"},\"linkedin\":{\"label\":\"Compartilhar\",\"icon\":\"default-linkedin\"},\"email\":{\"label\":\"e-mail\",\"icon\":\"default-email\"}},\"button\":[\"facebook\",\"twitter\",\"googleplus\",\"linkedin\",\"email\"]}, 1, '', 'http:\/\/www.leold2.com\/site\/wp-content\/plugins\/social-media-builder\/\/img\/no-image.png', '', 'http:\/\/www.leold2.com\/site\/eventos\/sedel\/'); });<\/script>\n","protected":false},"excerpt":{"rendered":"<p>O SEDEL \u00e9 um dos 4 eventos oficiais do Distrito LEO LD-2. \u00c9 o primeiro evento do ano leo\u00edstico e ocorre, normalmente, no m\u00eas de setembro. Sua sigla significa \u201cSemin\u00e1rio de Desenvolvimento de Lideran\u00e7a\u201d, e tem como principal objetivo a prepara\u00e7\u00e3o e forma\u00e7\u00e3o de novos l\u00edderes dentro do movimento LEO. As atividades realizadas durante o <a href=\"http:\/\/www.leold2.com\/site\/eventos\/sedel\/\" rel=\"nofollow\"><span class=\"sr-only\">Read more about SEDEL<\/span>[&hellip;]<\/a><\/p>\n","protected":false},"author":1,"featured_media":0,"parent":528,"menu_order":0,"comment_status":"closed","ping_status":"closed","template":"template-fullwidth.php","meta":{"_mi_skip_tracking":false,"ngg_post_thumbnail":0},"_links":{"self":[{"href":"http:\/\/www.leold2.com\/site\/wp-json\/wp\/v2\/pages\/581"}],"collection":[{"href":"http:\/\/www.leold2.com\/site\/wp-json\/wp\/v2\/pages"}],"about":[{"href":"http:\/\/www.leold2.com\/site\/wp-json\/wp\/v2\/types\/page"}],"author":[{"embeddable":true,"href":"http:\/\/www.leold2.com\/site\/wp-json\/wp\/v2\/users\/1"}],"replies":[{"embeddable":true,"href":"http:\/\/www.leold2.com\/site\/wp-json\/wp\/v2\/comments?post=581"}],"version-history":[{"count":12,"href":"http:\/\/www.leold2.com\/site\/wp-json\/wp\/v2\/pages\/581\/revisions"}],"predecessor-version":[{"id":5750,"href":"http:\/\/www.leold2.com\/site\/wp-json\/wp\/v2\/pages\/581\/revisions\/5750"}],"up":[{"embeddable":true,"href":"http:\/\/www.leold2.com\/site\/wp-json\/wp\/v2\/pages\/528"}],"wp:attachment":[{"href":"http:\/\/www.leold2.com\/site\/wp-json\/wp\/v2\/media?parent=581"}],"curies":[{"name":"wp","href":"https:\/\/api.w.org\/{rel}","templated":true}]}}