{"id":530,"date":"2016-11-27T20:51:26","date_gmt":"2016-11-27T23:51:26","guid":{"rendered":"http:\/\/www.leold2.com\/site\/?page_id=530"},"modified":"2020-08-26T20:07:29","modified_gmt":"2020-08-26T23:07:29","slug":"leopiada","status":"publish","type":"page","link":"http:\/\/www.leold2.com\/site\/eventos\/leopiada\/","title":{"rendered":"Leop\u00edada"},"content":{"rendered":"<p>A Leop\u00edada, popularmente conhecida como a &#8220;Olimp\u00edada do LEO&#8221; \u00e9 um dos eventos oficiais do Distrito LEO LD-2. O evento busca a organiza\u00e7\u00e3o, integra\u00e7\u00e3o, o desenvolvimento de lideran\u00e7a e o trabalho em equipe a partir de modalidades esportivas.<\/p>\n<p>A Leop\u00edada ocorre, normalmente, no m\u00eas de novembro, e tem dura\u00e7\u00e3o de um final de semana, iniciando no s\u00e1bado pela manh\u00e3 e \u00e9 finalizado ao meio dia de domingo, com as premia\u00e7\u00f5es dos vencedores de cada modalidade.<\/p>\n\n\n<div class=\"ngg-galleryoverview ngg-slideshow\"\n\t id=\"ngg-slideshow-366be580a924038bd6b9abbb52be8181-15745568210\"\n     data-gallery-id=\"366be580a924038bd6b9abbb52be8181\"\n     style=\"max-width: 600px; max-height: 400px;\">\n\n \t<div id=\"ngg-image-0\" class=\"ngg-gallery-slideshow-image\" style=\"height:400px\">\n\n        <a href=\"http:\/\/www.leold2.com\/site\/wp-content\/gallery\/leopiada\/LEOPIADAS.jpeg\"\n           title=\"\"\n           data-src=\"http:\/\/www.leold2.com\/site\/wp-content\/gallery\/leopiada\/LEOPIADAS.jpeg\"\n           data-thumbnail=\"http:\/\/www.leold2.com\/site\/wp-content\/gallery\/leopiada\/thumbs\/thumbs_LEOPIADAS.jpeg\"\n           data-image-id=\"13\"\n           data-title=\"LEOPIADAS\"\n           data-description=\"\"\n           class=\"ngg-fancybox\" rel=\"366be580a924038bd6b9abbb52be8181\">\n\n            <img data-image-id='13'\n                 title=\"\"\n                 alt=\"LEOPIADAS\"\n                 src=\"http:\/\/www.leold2.com\/site\/wp-content\/gallery\/leopiada\/LEOPIADAS.jpeg\"\n                 style=\"max-height: 380px;\"\/>\n        <\/a>\n\n        <\/div> \n<div id=\"ngg-image-1\" class=\"ngg-gallery-slideshow-image\" style=\"height:400px\">\n\n        <a href=\"http:\/\/www.leold2.com\/site\/wp-content\/gallery\/leopiada\/LEOPIADAS-2.jpg\"\n           title=\"\"\n           data-src=\"http:\/\/www.leold2.com\/site\/wp-content\/gallery\/leopiada\/LEOPIADAS-2.jpg\"\n           data-thumbnail=\"http:\/\/www.leold2.com\/site\/wp-content\/gallery\/leopiada\/thumbs\/thumbs_LEOPIADAS-2.jpg\"\n           data-image-id=\"14\"\n           data-title=\"LEOPIADAS 2\"\n           data-description=\"\"\n           class=\"ngg-fancybox\" rel=\"366be580a924038bd6b9abbb52be8181\">\n\n            <img data-image-id='14'\n                 title=\"\"\n                 alt=\"LEOPIADAS 2\"\n                 src=\"http:\/\/www.leold2.com\/site\/wp-content\/gallery\/leopiada\/LEOPIADAS-2.jpg\"\n                 style=\"max-height: 380px;\"\/>\n        <\/a>\n\n        <\/div> \n<\/div>\n\n\n\n\n<div style=\"text-align: center;\" >\n<div style=\"display: inline-block;\" >\n\n<div class=\"ngg-galleryoverview\" id=\"ngg-gallery-6d2339557c192036629d2c9966a9bdb5-530\">\n\n\n\t<!-- Thumbnails -->\n    \t\t\n\t<div id=\"ngg-image-13\" class=\"ngg-gallery-thumbnail-box\"  >\n\t\t<div class=\"ngg-gallery-thumbnail\" >\n\t\t\t<a href=\"http:\/\/www.leold2.com\/site\/wp-content\/gallery\/leopiada\/LEOPIADAS.jpeg\"\n               title=\" \"\n               class=\"ngg-fancybox\" rel=\"6d2339557c192036629d2c9966a9bdb5\" data-image-id=\"13\" data-src=\"http:\/\/www.leold2.com\/site\/wp-content\/gallery\/leopiada\/LEOPIADAS.jpeg\" data-thumbnail=\"http:\/\/www.leold2.com\/site\/wp-content\/gallery\/leopiada\/thumbs\/thumbs_LEOPIADAS.jpeg\" data-title=\"LEOPIADAS\" data-description=\" \" >\n\t\t\t\t\t\t\t\t<img title=\"LEOPIADAS\" alt=\"LEOPIADAS\" src=\"http:\/\/www.leold2.com\/site\/wp-content\/gallery\/leopiada\/thumbs\/thumbs_LEOPIADAS.jpeg\" width='240' height='160' \/>\n\t\t\t\t\t\t\t<\/a>\n\t\t<\/div>\n\t<\/div>\n\n            \n \t\t\n\t<div id=\"ngg-image-14\" class=\"ngg-gallery-thumbnail-box\"  >\n\t\t<div class=\"ngg-gallery-thumbnail\" >\n\t\t\t<a href=\"http:\/\/www.leold2.com\/site\/wp-content\/gallery\/leopiada\/LEOPIADAS-2.jpg\"\n               title=\" \"\n               class=\"ngg-fancybox\" rel=\"6d2339557c192036629d2c9966a9bdb5\" data-image-id=\"14\" data-src=\"http:\/\/www.leold2.com\/site\/wp-content\/gallery\/leopiada\/LEOPIADAS-2.jpg\" data-thumbnail=\"http:\/\/www.leold2.com\/site\/wp-content\/gallery\/leopiada\/thumbs\/thumbs_LEOPIADAS-2.jpg\" data-title=\"LEOPIADAS 2\" data-description=\" \" >\n\t\t\t\t\t\t\t\t<img title=\"LEOPIADAS 2\" alt=\"LEOPIADAS 2\" src=\"http:\/\/www.leold2.com\/site\/wp-content\/gallery\/leopiada\/thumbs\/thumbs_LEOPIADAS-2.jpg\" width='240' height='160' \/>\n\t\t\t\t\t\t\t<\/a>\n\t\t<\/div>\n\t<\/div>\n\n            \n \t \t\n\t<!-- Pagination -->\n \t<div class='ngg-clear'><\/div> \t\n<\/div>\n\n\n<\/div>\n<\/div>\n<div id=\"sgmbShare1-1\" class=\"sgmbShare jssocials-theme-classic sgmbWidget1-1\"><\/div><div class=\"dropdownWrapper dropdownWrapper1 dropdownWrapper-for-widget \" id=\"dropdownWrapper-for-widget\">\r\n\t\t\t\t\t\t<div class=\"dropdownLabel\" id=\"dropdownLabel-share-list\"><span class=\"sgmbButtonListLabel1\">Share List<\/span><\/div>\r\n\t\t\t\t\t\t<div class=\"dropdownPanel dropdownPanel1-1\">\r\n\t\t\t\t\t\t<\/div>\r\n\t\t\t\t\t<\/div><script>  SGMB_URL = \"http:\/\/www.leold2.com\/site\/wp-content\/plugins\/social-media-builder\/\"; jQuery(\".dropdownWrapper\").hide(); SGMB_GOOGLE_ACOUNT = \"\"; <\/script><script type=\"text\/javascript\">\r\n\t\tjQuery(document).ready(function($){var widget = new SGMBWidget();widget.show({\"id\":\"1\",\"title\":\"Principal\",\"options\":{\"currentUrl\":\"1\",\"url\":\"\",\"fontSize\":\"12\",\"theme\":\"classic\",\"buttonsPosition\":\"\",\"socialTheme\":\"\",\"icon\":\"default\",\"buttonsPanelEffect\":\"bounce\",\"buttonsEffect\":\"No Effect\",\"iconsEffect\":\"flip\",\"buttons\":\"{\\\"facebook\\\":{\\\"label\\\":\\\"Compartilhar\\\",\\\"icon\\\":\\\"default-facebook\\\"},\\\"twitter\\\":{\\\"label\\\":\\\"Tweet\\\",\\\"icon\\\":\\\"default-twitter\\\",\\\"via\\\":\\\"\\\",\\\"hashtags\\\":\\\"#leoclub\\\"},\\\"googleplus\\\":{\\\"label\\\":\\\"+1\\\",\\\"icon\\\":\\\"default-googleplus\\\"},\\\"linkedin\\\":{\\\"label\\\":\\\"Compartilhar\\\",\\\"icon\\\":\\\"default-linkedin\\\"},\\\"email\\\":{\\\"label\\\":\\\"e-mail\\\",\\\"icon\\\":\\\"default-email\\\"}}\",\"roundButton\":\"\",\"showLabels\":\"\",\"showCounts\":\"\",\"showButtonsAsList\":\"\",\"setButtonsPosition\":\"\",\"sgmbDropdownColor\":\"\",\"sgmbDropdownLabelFontSize\":\"14\",\"sgmbDropdownLabelColor\":\"\",\"showButtonsOnEveryPost\":\"\",\"sgmbPostionOnEveryPost\":\"Left\",\"textOnEveryPost\":\"ola\",\"showButtonsOnMobileDirect\":\"on\"},\"buttonOptions\":{\"facebook\":{\"label\":\"Compartilhar\",\"icon\":\"default-facebook\"},\"twitter\":{\"label\":\"Tweet\",\"icon\":\"default-twitter\",\"via\":\"\",\"hashtags\":\"#leoclub\"},\"googleplus\":{\"label\":\"+1\",\"icon\":\"default-googleplus\"},\"linkedin\":{\"label\":\"Compartilhar\",\"icon\":\"default-linkedin\"},\"email\":{\"label\":\"e-mail\",\"icon\":\"default-email\"}},\"button\":[\"facebook\",\"twitter\",\"googleplus\",\"linkedin\",\"email\"]}, 1, '', 'http:\/\/www.leold2.com\/site\/wp-content\/plugins\/social-media-builder\/\/img\/no-image.png', '', 'http:\/\/www.leold2.com\/site\/eventos\/leopiada\/'); });<\/script>\n","protected":false},"excerpt":{"rendered":"<p>A Leop\u00edada, popularmente conhecida como a &#8220;Olimp\u00edada do LEO&#8221; \u00e9 um dos eventos oficiais do Distrito LEO LD-2. O evento busca a organiza\u00e7\u00e3o, integra\u00e7\u00e3o, o desenvolvimento de lideran\u00e7a e o trabalho em equipe a partir de modalidades esportivas. A Leop\u00edada ocorre, normalmente, no m\u00eas de novembro, e tem dura\u00e7\u00e3o de um final de semana, iniciando <a href=\"http:\/\/www.leold2.com\/site\/eventos\/leopiada\/\" rel=\"nofollow\"><span class=\"sr-only\">Read more about Leop\u00edada<\/span>[&hellip;]<\/a><\/p>\n","protected":false},"author":1,"featured_media":0,"parent":528,"menu_order":0,"comment_status":"closed","ping_status":"closed","template":"template-fullwidth.php","meta":{"_mi_skip_tracking":false,"ngg_post_thumbnail":0},"_links":{"self":[{"href":"http:\/\/www.leold2.com\/site\/wp-json\/wp\/v2\/pages\/530"}],"collection":[{"href":"http:\/\/www.leold2.com\/site\/wp-json\/wp\/v2\/pages"}],"about":[{"href":"http:\/\/www.leold2.com\/site\/wp-json\/wp\/v2\/types\/page"}],"author":[{"embeddable":true,"href":"http:\/\/www.leold2.com\/site\/wp-json\/wp\/v2\/users\/1"}],"replies":[{"embeddable":true,"href":"http:\/\/www.leold2.com\/site\/wp-json\/wp\/v2\/comments?post=530"}],"version-history":[{"count":21,"href":"http:\/\/www.leold2.com\/site\/wp-json\/wp\/v2\/pages\/530\/revisions"}],"predecessor-version":[{"id":5752,"href":"http:\/\/www.leold2.com\/site\/wp-json\/wp\/v2\/pages\/530\/revisions\/5752"}],"up":[{"embeddable":true,"href":"http:\/\/www.leold2.com\/site\/wp-json\/wp\/v2\/pages\/528"}],"wp:attachment":[{"href":"http:\/\/www.leold2.com\/site\/wp-json\/wp\/v2\/media?parent=530"}],"curies":[{"name":"wp","href":"https:\/\/api.w.org\/{rel}","templated":true}]}}